. What is f(-26)?
-47
Let r(x) = -8677*x + 95720. Give r(11).
273
Let c(h) = -173*h**2 - 9353*h + 149. Calculate c(-54).
743
Let t(r) = 9*r**3 - 17*r**2 + 63*r + 81. Give t(-1).
-8
Let s(o) = -63*o**2 - 3078*o + 6879. Calculate s(-51).
-6
Let s(o) = -22*o**2 + 236*o + 944. Calculate s(-4).
-352
Let b(z) = -z**3 - 61*z**2 - 407*z - 17070. Determine b(-59).
-19
Let h(x) = x**2 + 16200*x - 210770. Give h(13).
-1
Let h(w) = -377*w**2 + 1915*w + 2006. What is h(6)?
-76
Let r(s) = -s**3 + 46*s**2 + 97*s - 322. Give r(4).
738
Let c(a) = -a**3 + 22*a**2 - 20*a + 2. What is c(21)?
23
Let y(w) = 1968*w - 15538. What is y(6)?
-3730
Let y(n) = -2*n**2 + 35*n + 815. Determine y(-14).
-67
Let n(q) = -469*q - 14524. What is n(-31)?
15
Let p(m) = -m**3 - 13863*m - 102. Give p(0).
-102
Let x(d) = 408*d - 6371. What is x(22)?
2605
Let l(o) = 2189*o - 126917. What is l(58)?
45
Let y(d) = 3273*d + 1364798. Give y(-417).
-43
Let m(f) = -4*f**2 + 279*f - 1052. Give m(73).
-2001
Let h(z) = z**3 + 6*z**2 + 826*z + 5628. Determine h(-7).
-203
Let c(f) = -11*f**3 - 11*f**2 + 2*f - 393. Calculate c(0).
-393
Let v(u) = 31839*u - 159171. Calculate v(5).
24
Let t(j) = 21*j**2 - 13014*j - 42942. Determine t(623).
45
Let s(c) = -5*c**2 + 351*c + 837. Give s(61).
3643
Let a(r) = -3*r**3 - 1201*r**2 + 781*r - 8396. Determine a(-401).
25
Let i(p) = 78*p**2 + 269*p - 55468. Give i(25).
7
Let l(j) = -7*j**2 + 4557*j - 31816. Give l(7).
-260
Let h(t) = -234097*t + 234082. What is h(1)?
-15
Let i(b) = -b**3 - 46*b**2 - 552*b - 6. Calculate i(-22).
522
Let j(b) = b**3 + 3*b**2 - 39*b - 391. What is j(12)?
1301
Let q(f) = 57*f + 144. Give q(-22).
-1110
Let q(t) = -39*t**2 + 137*t - 665. Give q(5).
-955
Let k(a) = -2698*a - 94065. Give k(-35).
365
Let d(x) = -2*x**3 + 646*x**2 - 4391*x - 292. What is d(7)?
-61
Let y(g) = -216*g + 6454. Give y(28).
406
Let l(z) = 113*z - 28293. What is l(251)?
70
Let o(a) = -12*a**2 + 4848*a - 293031. What is o(330)?
9
Let w(r) = 616*r + 3329. Determine w(-6).
-367
Let y(d) = -d**2 + 78*d - 134. Give y(-17).
-1749
Let h(t) = -t**2 + 146*t + 2331. Calculate h(-15).
-84
Let a(v) = -5*v**2 - 150*v + 1957. Give a(14).
-1123
Let k(g) = 12562*g + 175858. Give k(-14).
-10
Let h(b) = -304*b + 38915. Give h(128).
3
Let h(l) = 12*l**2 + 91*l + 12. Give h(-8).
52
Let p(t) = -t**3 - 167*t**2 - 160*t + 1077. Calculate p(-166).
81
Let w(r) = -13*r**2 - 242*r - 1170. What is w(-5)?
-285
Let n(m) = -1311*m - 4933. Determine n(-4).
311
Let q(v) = 7*v**3 - 11*v**2 + 2864*v + 14416. What is q(-5)?
-1054
Let t(x) = -5175*x - 124199. What is t(-24)?
1
Let x(j) = 2*j**3 + 10*j**2 - 186*j - 1104. What is x(-6)?
-60
Let b(p) = -11*p**2 - 11242*p + 56494. Determine b(-1027).
9
Let a(u) = -u**3 - 30*u**2 - 417*u + 2237. What is a(4)?
25
Let p(u) = -1378*u - 214381. Give p(-155).
-791
Let w(b) = -1089*b + 32048. Determine w(25).
4823
Let c(t) = 20841*t + 375442. What is c(-18)?
304
Let x(j) = -j**2 - 859*j - 171814. Calculate x(-317).
0
Let t(n) = 2*n**2 - 77*n - 438. Determine t(23).
-1151
Let x(g) = -84*g**3 + 3528*g**2 + 25*g - 1042. Calculate x(42).
8
Let t(r) = -53*r**3 - 792*r**2 + 9*r + 7. What is t(-15)?
547
Let k(q) = -820*q + 27015. Calculate k(33).
-45
Let q(j) = 122*j**2 - 103081*j - 7609. What is q(845)?
-4
Let g(q) = -19530*q + 98711. Calculate g(5).
1061
Let n(a) = 9*a**3 - 65*a**2 - 247*a - 16. Give n(-4).
-644
Let a(o) = -4*o**2 - 275*o - 1149. Give a(-65).
-174
Let u(d) = 1060*d + 3159. Calculate u(-3).
-21
Let s(a) = -15*a + 2029. Determine s(23).
1684
Let t(q) = -1445*q - 174842. Give t(-121).
3
Let p(j) = -2936*j + 14741. Calculate p(5).
61
Let d(b) = -335*b**2 + 42893*b - 1668. Determine d(128).
-4
Let r(g) = -g**3 + 26*g**2 + 61*g + 103. Determine r(28).
243
Let u(i) = -i**3 - 6*i**2 + 338*i + 35. Calculate u(-22).
343
Let k(y) = -8*y**2 - 3192*y - 57760. Give k(-380).
0
Let d(p) = p**2 + 1368*p + 118617. Determine d(-93).
42
Let h(w) = 3*w**3 - 74*w**2 + 36*w + 77. Determine h(24).
-211
Let q(p) = -580*p - 142649. Give q(-246).
31
Let l(x) = 18307*x + 219682. Calculate l(-12).
-2
Let t(p) = -40*p**2 - 5965*p - 1256. What is t(-149)?
-511
Let t(r) = 2*r**2 + 1198*r - 149512. Calculate t(106).
-52
Let z(a) = -a**3 + 186*a**2 + 348*a + 5063. Give z(188).
-201
Let o(i) = 8735*i + 349395. Determine o(-40).
-5
Let y(f) = -4965*f + 54637. Calculate y(11).
22
Let k(d) = 4*d**3 - 229*d**2 + 283*d + 271. What is k(56)?
439
Let f(y) = -3703*y + 125914. Give f(34).
12
Let t(f) = -3*f**3 - 2793*f**2 - 5563*f + 10259. Calculate t(-929).
40
Let x(p) = 276*p**2 + 97*p + 26. Determine x(-2).
936
Let n(i) = i**2 + 42*i - 1144. Calculate n(-61).
15
Let x(t) = -157*t**2 - 2416*t - 9039. Calculate x(-9).
-12
Let f(j) = j**3 + 11*j**2 + 14*j + 498. What is f(-12)?
186
Let x(u) = 64*u - 219. Give x(-6).
-603
Let r(q) = -258*q + 14691. Give r(57).
-15
Let c(v) = 9*v**3 - 55*v + 154. Give c(3).
232
Let m(h) = -2*h**3 - 340*h**2 + 10652*h + 2762. Determine m(-197).
4
Let c(b) = 39*b + 363. Give c(-9).
12
Let q(t) = -7*t**2 - 406*t + 2246. Calculate q(6).
-442
Let z(j) = -j**3 + 9*j**2 + 2179*j - 25674. Determine z(12).
42
Let v(l) = l**3 - 7*l**2 + 451*l - 4237. What is v(9)?
-16
Let y(v) = -v**3 + 392*v**2 - 3088*v + 6157. What is y(384)?
13
Let f(q) = -1014*q + 568866. Calculate f(561).
12
Let c(u) = 2*u**3 + 349*u**2 + 2962*u - 28531. Determine c(-165).
14
Let q(v) = -v**2 + 24*v + 994. What is q(35)?
609
Let p(w) = 5320*w + 3713327. What is p(-698)?
-33
Let s(b) = 1091*b - 3884. Determine s(4).
480
Let s(c) = -c**2 - 16271*c + 33863641. What is s(1867)?
-5
Let h(k) = -k**2 - 84*k + 3681. Calculate h(30).
261
Let r(m) = -2*m**2 - 6*m + 14249. What is r(101)?
-6759
Let i(m) = 2*m**2 + 172019*m - 1032188. What is i(6)?
-2
Let b(j) = 3799*j - 34144. Calculate b(9).
47
Let a(p) = -1340*p**2 + 9089*p - 9090. Determine a(1).
-1341
Let j(y) = -y**3 - 90*y**2 - 515*y + 163. Calculate j(-84).
1087
Let g(k) = k**3 - 2*k**2 + 48*k - 113. Give g(5).
202
Let o(c) = 1183*c + 455455. What is o(-385)?
0
Let n(f) = -12*f**2 + 431*f - 3424. What is n(24)?
8
Let x(u) = 1922301*u + 92270451. Give x(-48).
3
Let f(u) = 12*u**2 - 4764*u + 32767. Determine f(7).
7
Let l(i) = -2*i**2 - 787*i - 66887. Give l(-269).
94
Let h(n) = 30*n**3 - 587*n**2 + 870*n - 269. What is h(18)?
163
Let d(s) = -s**3 + 154*s**2 + 379*s + 66146. Give d(159).
2
Let v(t) = -t**3 - 27*t**2 + 3567*t - 2495. Determine v(-75).
-20
Let a(m) = -m**3 + 461*m**2 + 390*m - 390999. Give a(460).
1
Let p(c) = -54*c**2 - 7422*c - 55923. Give p(-8).
-3
Let u(p) = -988*p - 188695. Determine u(-191).
13
Let w(l) = -214*l - 163. Calculate w(0).
-163
Let h(j) = -3385*j**2 - 13537*j + 12. Give h(-4).
0
Let h(v) = -v**3 + 5*v**2 - 135*v + 365. Determine h(3).
-22
Let o(a) = 87*a**2 - 2274*a + 89. Calculate o(26).
-223
Let c(x) = x**2 - 13022*x + 182120. What is c(14)?
8
Let m(p) = -11367*p - 613803. Calculate m(-54).
15
Let m(b) = -46*b**2 - 28*b + 771. What is m(4)?
-77
Let s(a) = -3*a**3 - 5*a**2 + 103*a - 1055. Give s(9).
-2720
Let h(f) = -f**2 - 147*f - 2103. Calculate h(-16).
-7
Let g(p) = p**3 - 2429*p**2 - 26854*p - 160. Calculate g(-11).
-6
Let x(c) = 65325*c + 6728499. Give x(-103).
24
Let n(k) = 4*k**3 + 114*k**2 + 735*k - 146. Determine n(-7).
-1077
Let z(g) = 135*g - 10920. Calculate z(108).
3660
Let x(t) = 54*t**2 + 954*t + 3909. What is x(-10)?
-231
Let w(q) = 4*q**3 + 191*q**2 + 675*q + 660. Give w(-44).
0
Let q(w) = -3*w**3 + 278*w**2 - 5712*w + 7. Calculate q(62).
-489
Let v(n) = -2*n**3 - 12*n**2 + 74*n + 425. Calculate v(-5).
5
Let m(q) = 4*q**2 + 319*q - 780. Calculate m(-83).
299
Let m(r) = 323*r + 2772. Give m(-8).
188
Let y(k) = -246*k - 48449. Calculate y(-197).
13
Let p(q) = -41883*q - 2806167. Determine p(-67).
-6
Let v(u) = -u**3 + 32*u**2 - 236*u - 98. What is v(25)?
-1623
Let y(q) = -q**3 - 306*q**2 + 298*q - 2686. Give y(-307).
77
Let x(w) = w**3 - 134*w**2 + 74*w - 9645. What is x(134)?
271
Let l(j) = -2737*j + 11724. Give l(4).
776
Let k(r) = r**2 - 610708*r - 610708. What is k(-1)?
1
Let i(c) = c**3 - 16*c**2 - 605*c + 196. Give i(-18).
70
Let r(s) = -s**3 + 2*s**2 + 255*s - 1380. Determine r(6).
6
Let g(r) = -986*r**2 + 4*r + 57. Determine g(0).
57
Let p(q) = 68*q**2 - 19*q + 37. Determine p(3).
592
Let s(z